ase 9) in base 7?
46
What is 213 (base 4) in base 9?
43
67 (base 15) to base 10
97
Convert -4 (base 14) to base 9.
-4
What is -42 (base 11) in base 15?
-31
-121 (base 3) to base 2
-10000
-5 (base 8) to base 2
-101
-4a (base 15) to base 13
-55
Convert -72 (base 16) to base 10.
-114
5 (base 15) to base 16
5
-200 (base 3) to base 9
-20
Convert -1 (base 11) to base 12.
-1
Convert 78 (base 14) to base 2.
1101010
What is -54 (base 12) in base 11?
-59
Convert -28 (base 10) to base 12.
-24
-11001001 (base 2) to base 10
-201
What is 0 (base 14) in base 3?
0
What is -132 (base 5) in base 13?
-33
What is -278 (base 10) in base 5?
-2103
-17 (base 14) to base 16
-15
Convert -150 (base 9) to base 8.
-176
What is -1242 (base 5) in base 7?
-401
2 (base 15) to base 10
2
1a (base 12) to base 4
112
Convert 9 (base 14) to base 6.
13
What is 151 (base 6) in base 15?
47
1 (base 7) to base 15
1
2013 (base 4) to base 9
160
What is -100 (base 2) in base 12?
-4
Convert -7 (base 15) to base 16.
-7
-11 (base 7) to base 5
-13
Convert 3 (base 15) to base 16.
3
Convert -2 (base 9) to base 10.
-2
Convert 365 (base 9) to base 15.
152
What is 1201 (base 3) in base 2?
101110
Convert 12 (base 3) to base 7.
5
0 (base 10) to base 5
0
Convert 155 (base 6) to base 2.
1000111
Convert -1112 (base 3) to base 11.
-38
-42 (base 8) to base 3
-1021
Convert -1 (base 12) to base 3.
-1
What is -11100 (base 3) in base 12?
-99
Convert 1 (base 16) to base 7.
1
0 (base 16) to base 10
0
5 (base 11) to base 8
5
Convert 1 (base 13) to base 5.
1
What is -1000100 (base 2) in base 8?
-104
What is 55 (base 13) in base 16?
46
33 (base 4) to base 16
f
1b (base 15) to base 8
32
Convert 164 (base 7) to base 14.
6b
-14 (base 9) to base 10
-13
What is -201 (base 3) in base 12?
-17
What is 203 (base 4) in base 3?
1022
What is -218 (base 13) in base 4?
-11213
111 (base 5) to base 15
21
What is -19 (base 14) in base 4?
-113
Convert 2 (base 16) to base 14.
2
What is -2 (base 10) in base 13?
-2
Convert -ac (base 14) to base 10.
-152
What is -ae (base 15) in base 7?
-323
-110 (base 4) to base 2
-10100
What is -72 (base 8) in base 7?
-112
2 (base 11) to base 5
2
What is 2 (base 12) in base 10?
2
What is 2 (base 8) in base 9?
2
What is -420 (base 5) in base 7?
-215
What is -214 (base 5) in base 13?
-47
2 (base 8) to base 9
2
Convert 1000010 (base 2) to base 11.
60
-c7 (base 13) to base 7
-322
2 (base 12) to base 3
2
3 (base 10) to base 16
3
-119 (base 14) to base 10
-219
-110100 (base 2) to base 9
-57
-15 (base 11) to base 15
-11
Convert 1b2 (base 12) to base 2.
100010110
What is 2c (base 14) in base 7?
55
What is 2 (base 9) in base 3?
2
What is 2 (base 11) in base 2?
10
Convert -5 (base 12) to base 6.
-5
0 (base 2) to base 7
0
Convert 0 (base 3) to base 4.
0
Convert 12 (base 3) to base 10.
5
What is -1 (base 16) in base 11?
-1
33 (base 5) to base 10
18
What is 6 (base 9) in base 11?
6
Convert -33 (base 13) to base 12.
-36
Convert -13 (base 7) to base 15.
-a
-324 (base 5) to base 13
-6b
What is 11 (base 2) in base 8?
3
What is -41 (base 11) in base 2?
-101101
Convert 220 (base 5) to base 14.
44
Convert -32 (base 4) to base 10.
-14
What is 3 (base 14) in base 4?
3
What is -9 (base 11) in base 4?
-21
Convert 11 (base 12) to base 16.
d
Convert 4 (base 9) to base 3.
11
-4 (base 16) to base 13
-4
Convert 1 (base 16) to base 11.
1
What is 131 (base 13) in base 5?
1314
What is 110001 (base 3) in base 4?
11011
Convert -2 (base 9) to base 8.
-2
0 (base 7) to base 9
0
What is 78 (base 10) in base 2?
1001110
24 (base 7) to base 15
13
What is 1 (base 7) in base 2?
1
What is 1101 (base 2) in base 16?
d
What is 43 (base 5) in base 3?
212
343 (base 5) to base 14
70
-6 (base 10) to base 11
-6
What is 2 (base 13) in base 14?
2
140 (base 5) to base 10
45
What is 3 (base 8) in base 11?
3
What is -e (base 15) in base 8?
-16
What is -2 (base 4) in base 3?
-2
What is -22 (base 10) in base 8?
-26
What is 0 (base 10) in base 9?
0
Convert -212 (base 3) to base 16.
-17
Convert -4 (base 9) to base 13.
-4
0 (base 2) to base 8
0
Convert -111 (base 2) to base 15.
-7
10 (base 6) to base 10
6
What is -8 (base 9) in base 10?
-8
-6d (base 14) to base 2
-1100001
What is -14 (base 13) in base 16?
-11
Convert 10 (base 14) to base 13.
11
Convert 15 (base 6) to base 7.
14
Convert -7 (base 9) to base 13.
-7
-11 (base 4) to base 8
-5
-1 (base 15) to base 6
-1
10 (base 2) to base 4
2
What is 1 (base 14) in base 6?
1
What is 1123 (base 4) in base 5?
331
What is -3 (base 5) in base 14?
-3
What is -2 (base 15) in base 10?
-2
What is -8 (base 9) in base 15?
-8
What is 3 (base 5) in base 8?
3
What is 1100 (base 4) in base 11?
73
Convert -101 (base 10) to base 2.
-1100101
Convert 1020 (base 4) to base 11.
66
Convert 2 (base 8) to base 5.
2
What is -2 (base 7) in base 15?
-2
221 (base 5) to base 11
56
-37 (base 12) to base 16
-2b
Convert 3 (base 13) to base 7.
3
What is -7 (base 11) in base 3?
-21
Convert -31 (base 14) to base 11.
-3a
Convert 10 (base 5) to base 16.
5
Convert 1223 (base 6) to base 10.
303
What is -1 (base 2) in base 16?
-1
Convert -1 (base 7) to base 15.
-1
-33 (base 15) to base 11
-44
Convert a3 (base 14) to base 5.
1033
What is 3 (base 8) in base 9?
3
Convert 6 (base 11) to base 2.
110
Convert 5 (base 12) to base 15.
5
23 (base 11) to base 4
121
Convert -106 (base 8) to base 2.
-1000110
What is 12 (base 11) in base 3?
111
322 (base 7) to base 9
201
What is 2 (base 13) in base 4?
2
Convert -2 (base 16) to base 13.
-2
27 (base 14) to base 16
23
What is -23 (base 4) in base 15?
-b
201 (base 3) to base 6
31
Convert -9 (base 14) to base 6.
-13
-7a (base 16) to base 13
-95
-100 (base 2) to base 15
-4
Convert -3 (base 15) to base 9.
-3
Convert 15 (base 11) to base 7.
22
What is 52 (base 12) in base 2?
111110
-4 (base 14) to base 10
-4
What is -111000 (base 2) in base 10?
-56
12 (base 7) to base 9
10
What is -84 (base 16) in base 12?
-b0
Convert 5b (base 15) to base 7.
152
What is -1303 (base 4) in base 11?
-a5
-8 (base 15) to base 5
-13
11 (base 3) to base 6
4
What is 1 (base 15) in base 3?
1
111 (base 3) to base 6
21
What is -112 (base 7) in base 9?
-64
0 (base 6) to base 11
0
3 (base 5) to base 9
3
11 (base 2) to base 9
3
What is 320 (base 7) in base 14?
b7
Convert 111 (base 2) to base 7.
10
What is -22 (base 3) in base 16?
-8
Convert 10 (base 3) to base 16.
3
-14 (base 11) to base 7
-21
-102 (base 5) to base 10
-27
Convert 42 (base 9) to base 13.
2c
-90 (base 11) to base 4
-1203
What is 2112 (base 3) in base 16?
44
e (base 16) to base 12
12
Convert 1 (base 3) to base 13.
1
Convert -1 (base 10) to base 4.
-1
202 (base 11) to base 12
184
-19 (base 10) to base 14
-15
What is 3d (base 16) in base 12?
51
What is -b (base 16) in base 3?
-102
Convert 20 (base 10) to base 15.
15
What is -33 (base 6) in base 2?
-10101
Convert -7 (base 11) to base 7.
-10
What is -13 (base 4) in base 16?
-7
Convert -8 (base 10) to base 3.
-22
-1 (base 7) to base 10
-1
Convert 13 (base 15) to base 16.
12
Convert 28 (base 12) to base 3.
1012
-340 (base 6) to base 15
-8c
Convert -5 (base 16) to base 13.
-5
What is 15 (base 7) in base 11?
11
Convert 254 (base 6) to base 15.
71
Convert -12 (base 5) to base 12.
-7
What is -5 (base 14) in base 3?
-12
Convert -77 (base 14) to base 7.
-210
Convert 1 (base 3) to base 5.
1
-31 (base 15) to base 4
-232
-b6 (base 14) to base 9
-187
Convert -38 (base 14) to base 9.
-55
Convert 2 (base 12) to base 10.
2
Convert 3 (base 12) to base 15.
3
Convert -3 (base 12) to base 10.
-3
Convert 0 (base 8) to base 3.
0
What is 162 (base 7) in base 13?
72
-b (base 13) to base 3
-102
Convert 100020 (base 3) to base 7.
504
What is -c (base 14) in base 4?
-30
What is 4 (base 8) in base 3?
11
Convert -58 (base 9) to base 4.
-311
What is 13 (base 5) in base 8?
10
Convert 114 (base 11) to base 7.
253
-110 (base 2) to base 13
-6
Convert 250 (base 6) to base 7.
204
-94 (base 11) to base 14
-75
0 (base 5) to base 12
0
What is 3a (base 11) in base 9?
47
Convert 14 (base 8) to base 14.
c
Convert -345 (base 8) to base 5.
-1404
What is -144 (base 16) in base 7?
-642
What is 2 (base 6) in base 3?
2
-111 (base 2) to base 3
-21
What is -14 (base 11) in base 14?
-11
Convert -101 (base 2) to base 8.
-5
Convert -1101010 (base 2) to base 5.
-411
What is -1 (base 4) in base 